{"id":15,"date":"2016-09-23T09:57:32","date_gmt":"2016-09-23T09:57:32","guid":{"rendered":"http:\/?page_id=2"},"modified":"2024-12-02T14:30:26","modified_gmt":"2024-12-02T14:30:26","slug":"sample-page-2","status":"publish","type":"page","link":"https:\/\/www.insidetours.ch\/?page_id=15","title":{"rendered":"Impressum"},"content":{"rendered":"<h2><\/h2>\n<p><img loading=\"lazy\" class=\"size-medium wp-image-512 alignleft\" src=\"http:\/\/www.insidetours.ch\/wp-content\/uploads\/2017\/01\/IMG_1887-2448x1836-300x225.jpg\" alt=\"\" width=\"300\" height=\"225\" srcset=\"https:\/\/www.insidetours.ch\/wp-content\/uploads\/2017\/01\/IMG_1887-2448x1836-300x225.jpg 300w, https:\/\/www.insidetours.ch\/wp-content\/uploads\/2017\/01\/IMG_1887-2448x1836-600x450.jpg 600w, https:\/\/www.insidetours.ch\/wp-content\/uploads\/2017\/01\/IMG_1887-2448x1836-768x576.jpg 768w, https:\/\/www.insidetours.ch\/wp-content\/uploads\/2017\/01\/IMG_1887-2448x1836-1024x768.jpg 1024w\" sizes=\"(max-width: 300px) 100vw, 300px\" \/><\/p>\n<h2 style=\"text-align: center;\"><span style=\"font-size: x-large;\"><b>Systemischer Erlebnisp\u00e4dagoge<\/b><\/span><\/h2>\n<h2 style=\"text-align: center;\"><span style=\"font-size: x-large;\"><b>Dipl. Pflegefachmann HF<\/b><\/span><\/h2>\n<h4 style=\"text-align: center;\"><strong>Simon Jamnik<\/strong><br \/>\n<span style=\"font-size: medium;\">31. Mai 1982 geboren in Ljubljana, Slowenien<\/span><\/h4>\n<p>Als Kind hat der Gedanke: \u201e<i>Wo und wer ich bin, &#8230;hier auf Erden<\/i>\u201c Simon Jamnik sehr in den Bann gezogen. Nat\u00fcrlich nicht in dieser Klarheit. Fr\u00fch war f\u00fcr ihn klar, Wachstum ist eines seiner tiefsten Lebensgr\u00fcnde.<\/p>\n<p>Die Frage, warum die Ureinwohner unserer Erde das Kind und Kindsein als heilig erachten, hat das Leben von Simon Jamnik gepr\u00e4gt. Im Jahr 2004 hat ihn dies zur Frage veranlasst, sich f\u00fcr das Menschsein auch in einem beruflichen Sinne zu vertiefen. So kam der Entscheid zur Begleitung der Oberstufe f\u00fcr den Schulendkurs. Bei diesem ersten Kontak in der Arbeit mit Menschen gestaltete er im Team mit Anderen die viert\u00e4gige Abschlussreise der Schulabg\u00e4nger mit christlichem Hintergrund. Sein Fazit war: <i>\u201eWeiter mit Menschen arbeiten zu wollen und mehr dar\u00fcber zu lernen\u201c<\/i>.<\/p>\n<p>Er ging durch die verschiedenen pflegerischen und bertreuerischen Ausbildungen, Berufe und T\u00e4tigkeiten, bis er 2013 bei einem \u00c4ltesten der Wampanoagindianer gelandet ist.<\/p>\n<p>Die immer noch andauernde Reise hat ihm viele Erkenntnisse gebracht. Viele Antworten auf Fragen hat Simon Jamnik gefunden und noch mehr Fragen sind aufgetaucht und sein Wissensdurst ist nicht gel\u00f6scht.<\/p>\n<p>Seine Arbeit beruht auf diesen Erfahrungen und birgt vieles, was er sich in konventionellen Schulen zu lernen und erfahren gew\u00fcnscht h\u00e4tte.<em> &#8220;Eine Arbeit um sich zu erinnern, Mensch zu sein&#8221;<\/em> . Zur Vervollst\u00e4ndigung erachtet er dieses nicht gelehrte Wissen und die fehlenden Erfahrungen als essenziell.<\/p>\n<h2>Lebenslauf<\/h2>\n<p><span style=\"font-size: medium;\">1982 in die Schweiz eingewandert (Arbon TG)<\/span><br \/>\n<span style=\"font-size: medium;\">2001 Schweizer B\u00fcrgerrecht erhalten<\/span><br \/>\n<span style=\"font-size: medium;\">2001-2005 Diverse Tempor\u00e4rstellen und Auszeiten f\u00fcr Reisen und Selbsterfahrung<\/span><\/p>\n<p><span style=\"font-size: medium;\">2005-2008 Ausbildung in Gesundheits- und Krankenpflege\u00a0<\/span><span style=\"font-size: medium;\"> zum dipl. Pflegefachmann DN 1<\/span><\/p>\n<p><span style=\"font-size: medium;\">2008-2019 Angestellt als Pflegefachmann Psychiatrie und Betreuuer mit Fachausbildung <\/span><span style=\"font-size: medium;\">in verschiedenen Institutionen. Auszeiten f\u00fcr Selbsterfahrung und die selbstst\u00e4ndige T\u00e4tigkeit als systemischer Erlebnisp\u00e4dagoge<\/span><\/p>\n<p><span style=\"font-size: medium;\">2012-2014 Lehrgang zum systemischen Erlebnisp\u00e4dagogen <\/span><br \/>\n<span style=\"font-size: large;\"><span style=\"font-size: medium;\">siehe: <\/span><u><a href=\"http:\/\/www.planoalto.ch\/\"><span style=\"font-size: medium;\">www.planoalto.ch<\/span><\/a><\/u><\/span><\/p>\n<p><span style=\"font-size: medium;\">Oktober 2015 Weiterbildung zum soziokratischen Gespr\u00e4chsleiter<\/span><br \/>\n<span style=\"font-size: medium;\">Modul 1 \u201cEffektive Meetings gestalten\u201d <\/span><br \/>\n<span style=\"font-size: medium;\">Modul 2 \u201eEffektives Arbeiten im Team\u201c. <\/span><br \/>\n<span style=\"font-size: large;\"><u><span style=\"font-size: medium;\">Siehe: <a href=\"http:\/\/www.soziokratie.at\/\">www.soziokratie.at<\/a><\/span><\/u><\/span><\/p>\n<p><span style=\"font-size: medium;\">2014-2024 (jeweils ca. 6 Monate im Sommer) Seminarleitung und Begleitung f\u00fcr den indianischen Stammes\u00e4ltesten <\/span><span style=\"font-size: medium;\"><i>Manitonquat Medicine Story (2018\u2020)<\/i><\/span><span style=\"font-size: medium;\"> und seine Frau <\/span><span style=\"font-size: medium;\"><i>Ellika Linden<\/i><\/span><span style=\"font-size: medium;\"> durch Europa<\/span><\/p>\n<p><span style=\"font-size: large;\"><span style=\"font-size: medium;\">2016-2024:\u00a0 t\u00e4tig als Springer Pflegefachmann Psychiatrie HF<br \/>\n<\/span><\/span><\/p>\n<h2 style=\"text-align: center;\"><span style=\"font-size: medium;\"><b>Sprachkenntnisse<\/b> <\/span><\/h2>\n<p><span style=\"font-size: medium;\">Deutsch Muttersprache<\/span><br \/>\n<span style=\"font-size: medium;\"> Slowenisch Gut<\/span><br \/>\n<span style=\"font-size: medium;\"> Englisch Gut<\/span><br \/>\n<span style=\"font-size: medium;\"> Spanisch Grundkenntnisse<\/span><br \/>\n<span style=\"font-size: medium;\"> Italienisch Grundkenntnisse<\/span><\/p>\n<h2 class=\"rahmeninhalt\" style=\"text-align: center;\" align=\"LEFT\"><span style=\"font-size: medium;\"><b>Freizeit<\/b> <\/span><\/h2>\n<p><span style=\"font-size: medium;\">Hobbys: Klavier, Gitarre und Djembe spielen, Musik h\u00f6ren, Lesen, Malen, Kommunikation, Snowboarden, Longboarden, Kampfsport, Wandern und diverse -Outdoor Aktivit\u00e4ten aus\u00fcben. Handwerkliche T\u00e4tigkeiten aus\u00fcben.<\/span><\/p>\n<p style=\"text-align: center;\"><em>Es gibt wenige Dinge die wahrlich Sinn machen. Eines davon ist jedoch inneres Wachstum.<\/em><\/p>\n","protected":false},"excerpt":{"rendered":"<p>Systemischer Erlebnisp\u00e4dagoge Dipl. Pflegefachmann HF Simon Jamnik 31. Mai 1982 geboren in Ljubljana, Slowenien Als Kind hat der Gedanke: \u201eWo und wer ich bin, &#8230;hier auf Erden\u201c Simon Jamnik sehr in den Bann gezogen. Nat\u00fcrlich nicht in dieser Klarheit. Fr\u00fch war f\u00fcr ihn klar, Wachstum ist eines seiner tiefsten Lebensgr\u00fcnde. [&hellip;]<\/p>\n","protected":false},"author":2,"featured_media":118,"parent":0,"menu_order":15,"comment_status":"closed","ping_status":"closed","template":"","meta":{"_links_to":"","_links_to_target":""},"_links":{"self":[{"href":"https:\/\/www.insidetours.ch\/index.php?rest_route=\/wp\/v2\/pages\/15"}],"collection":[{"href":"https:\/\/www.insidetours.ch\/index.php?rest_route=\/wp\/v2\/pages"}],"about":[{"href":"https:\/\/www.insidetours.ch\/index.php?rest_route=\/wp\/v2\/types\/page"}],"author":[{"embeddable":true,"href":"https:\/\/www.insidetours.ch\/index.php?rest_route=\/wp\/v2\/users\/2"}],"replies":[{"embeddable":true,"href":"https:\/\/www.insidetours.ch\/index.php?rest_route=%2Fwp%2Fv2%2Fcomments&post=15"}],"version-history":[{"count":11,"href":"https:\/\/www.insidetours.ch\/index.php?rest_route=\/wp\/v2\/pages\/15\/revisions"}],"predecessor-version":[{"id":1733,"href":"https:\/\/www.insidetours.ch\/index.php?rest_route=\/wp\/v2\/pages\/15\/revisions\/1733"}],"wp:featuredmedia":[{"embeddable":true,"href":"https:\/\/www.insidetours.ch\/index.php?rest_route=\/wp\/v2\/media\/118"}],"wp:attachment":[{"href":"https:\/\/www.insidetours.ch\/index.php?rest_route=%2Fwp%2Fv2%2Fmedia&parent=15"}],"curies":[{"name":"wp","href":"https:\/\/api.w.org\/{rel}","templated":true}]}}

<h2></h2>
<p><img loading="lazy" class="size-medium wp-image-512 alignleft" src="http://www.insidetours.ch/wp-content/uploads/2017/01/IMG_1887-2448x1836-300x225.jpg" alt="" width="300" height="225" srcset="https://www.insidetours.ch/wp-content/uploads/2017/01/IMG_1887-2448x1836-300x225.jpg 300w, https://www.insidetours.ch/wp-content/uploads/2017/01/IMG_1887-2448x1836-600x450.jpg 600w, https://www.insidetours.ch/wp-content/uploads/2017/01/IMG_1887-2448x1836-768x576.jpg 768w, https://www.insidetours.ch/wp-content/uploads/2017/01/IMG_1887-2448x1836-1024x768.jpg 1024w" sizes="(max-width: 300px) 100vw, 300px" /></p>
<h2 style="text-align: center;"><span style="font-size: x-large;"><b>Systemischer Erlebnispädagoge</b></span></h2>
<h2 style="text-align: center;"><span style="font-size: x-large;"><b>Dipl. Pflegefachmann HF</b></span></h2>
<h4 style="text-align: center;"><strong>Simon Jamnik</strong><br />
<span style="font-size: medium;">31. Mai 1982 geboren in Ljubljana, Slowenien</span></h4>
<p>Als Kind hat der Gedanke: „<i>Wo und wer ich bin, &#8230;hier auf Erden</i>“ Simon Jamnik sehr in den Bann gezogen. Natürlich nicht in dieser Klarheit. Früh war für ihn klar, Wachstum ist eines seiner tiefsten Lebensgründe.</p>
<p>Die Frage, warum die Ureinwohner unserer Erde das Kind und Kindsein als heilig erachten, hat das Leben von Simon Jamnik geprägt. Im Jahr 2004 hat ihn dies zur Frage veranlasst, sich für das Menschsein auch in einem beruflichen Sinne zu vertiefen. So kam der Entscheid zur Begleitung der Oberstufe für den Schulendkurs. Bei diesem ersten Kontak in der Arbeit mit Menschen gestaltete er im Team mit Anderen die viertägige Abschlussreise der Schulabgänger mit christlichem Hintergrund. Sein Fazit war: <i>„Weiter mit Menschen arbeiten zu wollen und mehr darüber zu lernen“</i>.</p>
<p>Er ging durch die verschiedenen pflegerischen und bertreuerischen Ausbildungen, Berufe und Tätigkeiten, bis er 2013 bei einem Ältesten der Wampanoagindianer gelandet ist.</p>
<p>Die immer noch andauernde Reise hat ihm viele Erkenntnisse gebracht. Viele Antworten auf Fragen hat Simon Jamnik gefunden und noch mehr Fragen sind aufgetaucht und sein Wissensdurst ist nicht gelöscht.</p>
<p>Seine Arbeit beruht auf diesen Erfahrungen und birgt vieles, was er sich in konventionellen Schulen zu lernen und erfahren gewünscht hätte.<em> &#8220;Eine Arbeit um sich zu erinnern, Mensch zu sein&#8221;</em> . Zur Vervollständigung erachtet er dieses nicht gelehrte Wissen und die fehlenden Erfahrungen als essenziell.</p>
<h2>Lebenslauf</h2>
<p><span style="font-size: medium;">1982 in die Schweiz eingewandert (Arbon TG)</span><br />
<span style="font-size: medium;">2001 Schweizer Bürgerrecht erhalten</span><br />
<span style="font-size: medium;">2001-2005 Diverse Temporärstellen und Auszeiten für Reisen und Selbsterfahrung</span></p>
<p><span style="font-size: medium;">2005-2008 Ausbildung in Gesundheits- und Krankenpflege </span><span style="font-size: medium;"> zum dipl. Pflegefachmann DN 1</span></p>
<p><span style="font-size: medium;">2008-2019 Angestellt als Pflegefachmann Psychiatrie und Betreuuer mit Fachausbildung </span><span style="font-size: medium;">in verschiedenen Institutionen. Auszeiten für Selbsterfahrung und die selbstständige Tätigkeit als systemischer Erlebnispädagoge</span></p>
<p><span style="font-size: medium;">2012-2014 Lehrgang zum systemischen Erlebnispädagogen </span><br />
<span style="font-size: large;"><span style="font-size: medium;">siehe: </span><u><a href="http://www.planoalto.ch/"><span style="font-size: medium;">www.planoalto.ch</span></a></u></span></p>
<p><span style="font-size: medium;">Oktober 2015 Weiterbildung zum soziokratischen Gesprächsleiter</span><br />
<span style="font-size: medium;">Modul 1 “Effektive Meetings gestalten” </span><br />
<span style="font-size: medium;">Modul 2 „Effektives Arbeiten im Team“. </span><br />
<span style="font-size: large;"><u><span style="font-size: medium;">Siehe: <a href="http://www.soziokratie.at/">www.soziokratie.at</a></span></u></span></p>
<p><span style="font-size: medium;">2014-2024 (jeweils ca. 6 Monate im Sommer) Seminarleitung und Begleitung für den indianischen Stammesältesten </span><span style="font-size: medium;"><i>Manitonquat Medicine Story (2018†)</i></span><span style="font-size: medium;"> und seine Frau </span><span style="font-size: medium;"><i>Ellika Linden</i></span><span style="font-size: medium;"> durch Europa</span></p>
<p><span style="font-size: large;"><span style="font-size: medium;">2016-2024:  tätig als Springer Pflegefachmann Psychiatrie HF<br />
</span></span></p>
<h2 style="text-align: center;"><span style="font-size: medium;"><b>Sprachkenntnisse</b> </span></h2>
<p><span style="font-size: medium;">Deutsch Muttersprache</span><br />
<span style="font-size: medium;"> Slowenisch Gut</span><br />
<span style="font-size: medium;"> Englisch Gut</span><br />
<span style="font-size: medium;"> Spanisch Grundkenntnisse</span><br />
<span style="font-size: medium;"> Italienisch Grundkenntnisse</span></p>
<h2 class="rahmeninhalt" style="text-align: center;" align="LEFT"><span style="font-size: medium;"><b>Freizeit</b> </span></h2>
<p><span style="font-size: medium;">Hobbys: Klavier, Gitarre und Djembe spielen, Musik hören, Lesen, Malen, Kommunikation, Snowboarden, Longboarden, Kampfsport, Wandern und diverse -Outdoor Aktivitäten ausüben. Handwerkliche Tätigkeiten ausüben.</span></p>
<p style="text-align: center;"><em>Es gibt wenige Dinge die wahrlich Sinn machen. Eines davon ist jedoch inneres Wachstum.</em></p>

<p>Systemischer Erlebnispädagoge Dipl. Pflegefachmann HF Simon Jamnik 31. Mai 1982 geboren in Ljubljana, Slowenien Als Kind hat der Gedanke: „Wo und wer ich bin, &#8230;hier auf Erden“ Simon Jamnik sehr in den Bann gezogen. Natürlich nicht in dieser Klarheit. Früh war für ihn klar, Wachstum ist eines seiner tiefsten Lebensgründe. [&hellip;]</p>
