{"id":1718,"date":"2024-12-02T14:18:08","date_gmt":"2024-12-02T14:18:08","guid":{"rendered":"https:\/\/www.insidetours.ch\/?page_id=1718"},"modified":"2025-01-18T15:02:15","modified_gmt":"2025-01-18T15:02:15","slug":"publikationen","status":"publish","type":"page","link":"https:\/\/www.insidetours.ch\/?page_id=1718","title":{"rendered":"Publikationen"},"content":{"rendered":"\n<p><strong>Pflegefachmann, Reisebegleiter und indianische Seminare<\/strong><\/p>\n\n\n\n<p>18.11.2024<\/p>\n\n\n\n<figure class=\"wp-block-image size-large\"><img loading=\"lazy\" width=\"1020\" height=\"772\" src=\"https:\/\/www.insidetours.ch\/wp-content\/uploads\/2024\/12\/Screenshot_20241202-152408.jpg\" alt=\"\" class=\"wp-image-1730\" srcset=\"https:\/\/www.insidetours.ch\/wp-content\/uploads\/2024\/12\/Screenshot_20241202-152408.jpg 1020w, https:\/\/www.insidetours.ch\/wp-content\/uploads\/2024\/12\/Screenshot_20241202-152408-300x227.jpg 300w, https:\/\/www.insidetours.ch\/wp-content\/uploads\/2024\/12\/Screenshot_20241202-152408-768x581.jpg 768w, https:\/\/www.insidetours.ch\/wp-content\/uploads\/2024\/12\/Screenshot_20241202-152408-600x454.jpg 600w\" sizes=\"(max-width: 1020px) 100vw, 1020px\" \/><\/figure>\n\n\n\n<p><strong>Simon Jamnik f\u00fchrt ein Winter- und Sommerleben: In den Wintermonaten arbeitet der gelernte Pflegefachmann im Wohnhaus Birkenhof der Vivazzo Stiftung in Wolfhausen \u2013 in den Sommermonaten bietet er als externer Reisebegleiter Ferien f\u00fcr Menschen mit Beeintr\u00e4chtigungen an. Daneben gibt er Seminare \u00fcber indianische Kultur, die Reisen ins Innere und das \u00dcberleben in der Natur.&nbsp;<\/strong><\/p>\n\n\n\n<p><br>Simon Jamnik \u00fcberlegt, wie lange er schon f\u00fcr die Vivazzo arbeitet. \u00abSieben Jahre\u00bb, sagt er zuerst. Dann korrigiert er sich: \u00abNein, seit 2016, also acht Jahre.\u00bb Eine lange Zeit jedenfalls, in der Simon schon f\u00fcr die Vivazzo Stiftung t\u00e4tig ist. Zu Beginn war er als Springer angestellt und arbeitete in verschiedenen Wohnh\u00e4usern der Stiftung. Seine Aufgaben blieben \u00fcber die Zeit hinweg \u00e4hnlich: Immer betreute er als Pflegefachmann Menschen, die in der Stiftung leben. Seit zwei Jahren arbeitet er vor allem im Nebengeb\u00e4ude des Wohnhauses Birkenhof in Wolfhausen. Hier leben dreizehn Menschen mit einer psychischen Beeintr\u00e4chtigung, die betreuerische Unterst\u00fctzung brauchen.&nbsp;<\/p>\n\n\n\n<p>Das Besondere bei Simon \u2013 verglichen zu seinen Vivazzo Arbeitskolleginnen und -kollegen \u2013ist, dass er sich nach einem halben Jahr jeweils von den Bewohnenden verabschiedet: In den Sommermonaten bietet er Ferienbegleitungen sowie Seminare an. Zwischen Dezember und April arbeitet er vier Tage die Woche in der Vivazzo Stiftung.&nbsp;<\/p>\n\n\n\n<p>F\u00fcr die Bewohnenden des Wohnhauses Birkenhof sind diese regelm\u00e4ssigen Abschiede auch eine vitalisierende Abwechslung, erz\u00e4hlt Simon. \u00abSie verst\u00e4rken den Puls des Lebens. Beim ersten Mal war das noch anders. Da war mein Abschied bei den Bewohnenden mit Unsicherheit verbunden.\u00bb Doch in der Zwischenzeit wissen alle, dass Simon nach einem halben Jahr wiederkommt. Seine Abschiede sind Abschiede auf Zeit und immer verbunden mit einem kleinen Abschiedsfest.&nbsp;<\/p>\n\n\n\n<p><strong>Ferienbegleitung \u2013 Organisator der guten Zeiten&nbsp;<\/strong><\/p>\n\n\n\n<p>F\u00fcr einzelne Bewohnerinnen und Bewohner der Vivazzo Stiftung bot Simon w\u00e4hrend seinen Sommerabwesenheiten bisher Ferienreisen an: Bewohnende buchten ihn als externen Reisebegleiter. Wohin es geht, bestimmen seine Auftraggebenden. Einmal wollte ein Bewohner zuerst nach Berlin in&nbsp;den Zoo und danach in Hamburg das Musical \u00abK\u00f6nig der L\u00f6wen\u00bb sehen. Simon machte es m\u00f6glich. Seine Rolle versteht er als eine Mischung zwischen Pflegefachmann und kollegialem Reisebegleiter. \u00abMir pers\u00f6nlich ist es wichtig, dass ich trotz professioneller Beziehung den Kontakt zu meinen Mitreisenden respektvoll und mit viel Herz gestalten kann\u00bb, sagt er.&nbsp;<\/p>\n\n\n\n<figure class=\"wp-block-image size-large\"><img loading=\"lazy\" width=\"869\" height=\"646\" src=\"https:\/\/www.insidetours.ch\/wp-content\/uploads\/2024\/12\/Screenshot_20241202-152428.jpg\" alt=\"\" class=\"wp-image-1731\" srcset=\"https:\/\/www.insidetours.ch\/wp-content\/uploads\/2024\/12\/Screenshot_20241202-152428.jpg 869w, https:\/\/www.insidetours.ch\/wp-content\/uploads\/2024\/12\/Screenshot_20241202-152428-300x223.jpg 300w, https:\/\/www.insidetours.ch\/wp-content\/uploads\/2024\/12\/Screenshot_20241202-152428-768x571.jpg 768w, https:\/\/www.insidetours.ch\/wp-content\/uploads\/2024\/12\/Screenshot_20241202-152428-600x446.jpg 600w\" sizes=\"(max-width: 869px) 100vw, 869px\" \/><\/figure>\n\n\n\n<p><strong>Fotoalbum von Reisen mit&nbsp;<\/strong><strong>Klient:innen<\/strong><strong>&nbsp;der Vivazzo Stiftung<\/strong><\/p>\n\n\n\n<p><br>Dieses Jahr wurde Simon das erste Mal offiziell von der Vivazzo Stiftung beauftragt, eine Reise durchzuf\u00fchren: als Nachteilsausgleich f\u00fcr&nbsp;Klient:innen, die sich selbst keine Ferien organisieren oder sich nicht allein die n\u00f6tige Unterst\u00fctzung daf\u00fcr holen k\u00f6nnen. Es ging zusammen mit einer kleinen Gruppe nach Lugano. Simon versucht jeweils, alles so zu organisieren, dass er m\u00f6glichst vielen Bed\u00fcrfnissen der Teilnehmenden nachkommen kann. \u00abSchliesslich sind es ihre Ferien\u00bb, lacht Simon. \u00abSie sollen eine gute Zeit haben!\u00bb&nbsp;<\/p>\n\n\n\n<p><strong>Faszination indianische Kultur&nbsp;<\/strong><\/p>\n\n\n\n<p>Wenn nicht gerade Reisebegleitungen anstehen, arbeitet Simon die meiste Zeit im Sommer mit \u00abCircle Way\u00bb (nach&nbsp;Manitonquat), dem Leben im Kreis. Das sei eine Kultur, erkl\u00e4rt Simon, die von den nordamerikanischen Indianern der&nbsp;Wampanoag&nbsp;ausgehe: \u00abEs geht um ein Miteinander und um Verbindung \u2013 eine Verbindung zwischen uns Menschen und mit der Natur, aber auch zu uns selbst.\u00bb, erz\u00e4hlt Simon. Mit Mitte Dreissig sei er mit dieser Philosophie in Kontakt gekommen und habe seither viel gelernt, so dass er jetzt sein Wissen selbst an Vortr\u00e4gen und Seminaren weitergibt.&nbsp;&nbsp;&nbsp;<\/p>\n\n\n\n<p>Neben seinem Engagement mit \u00abCircle Way\u00bb hat Simon zudem eine eigene Firma: Unter dem Namen \u00abInsidetours\u00bb bietet er erlebnisp\u00e4dagogische Angebote an.&nbsp;<\/p>\n\n\n\n<p>Nach den intensiven Sommermonaten macht Simon im November einen Monat Pause, bevor es dann im Dezember im Vivazzo Wohnhaus Birkenhof wieder heisst: \u00abHallo Simon! Sch\u00f6n bist du wieder zur\u00fcck!\u00bb<\/p>\n\n\n\n<p><\/p>\n\n\n\n<p>Quelle: <em>Interview und Text: Daniel Fehr, Marketing &amp; Kommunikation Vivazzo Stiftung<\/em><\/p>\n\n\n\n<figure class=\"wp-block-pullquote\"><blockquote><p>Weitere Publikationen<\/p><\/blockquote><\/figure>\n\n\n\n<figure class=\"wp-block-pullquote\"><blockquote><p><blockquote class=\"wp-embedded-content\" data-secret=\"sVYOGYarGD\"><a href=\"https:\/\/circlewaynetwork.eu\/story-and-ellika\/\">Story, Ellika and Simon<\/a><\/blockquote><iframe class=\"wp-embedded-content\" sandbox=\"allow-scripts\" security=\"restricted\" style=\"position: absolute; clip: rect(1px, 1px, 1px, 1px);\" title=\"&#8220;Story, Ellika and Simon&#8221; &#8212; Circle Way Network\" src=\"https:\/\/circlewaynetwork.eu\/story-and-ellika\/embed\/#?secret=fXxbNG0iJI#?secret=sVYOGYarGD\" data-secret=\"sVYOGYarGD\" width=\"600\" height=\"338\" frameborder=\"0\" marginwidth=\"0\" marginheight=\"0\" scrolling=\"no\"><\/iframe><\/p><\/blockquote><\/figure>\n\n\n\n<ul><li>Tempo di vivere 2024<\/li><\/ul>\n\n\n\n<p><a href=\"https:\/\/tempodivivere.it\/25-summercampviadelcerchio24.html\">https:\/\/tempodivivere.it\/25-summercampviadelcerchio24.html<\/a><\/p>\n\n\n\n<ul><li>Circleway \u00d6sterreich 2024<\/li><\/ul>\n\n\n\n<p><a href=\"http:\/\/www.circleway.at\/?page_id=65\">http:\/\/www.circleway.at\/?page_id=65<\/a><\/p>\n\n\n\n<p><\/p>\n\n\n\n<ul><li>Er\u00f6ffnung der Grillsaison 2020 Wohnheim Magellan<\/li><\/ul>\n\n\n\n<p><a href=\"https:\/\/www.wg-magellan.ch\/index.php\/blog\/er%C3%B6ffnungdergrillsaison.html\">https:\/\/www.wg-magellan.ch\/index.php\/blog\/er%C3%B6ffnungdergrillsaison.html<\/a><\/p>\n\n\n\n<p><\/p>\n\n\n\n<figure class=\"wp-block-embed is-type-wp-embed is-provider-terra-nuova wp-block-embed-terra-nuova\"><div class=\"wp-block-embed__wrapper\">\n<blockquote class=\"wp-embedded-content\" data-secret=\"x4nGHV5LMf\"><a href=\"https:\/\/www.terranuova.it\/news\/ecovillaggi-e-cohousing\/la-via-del-cerchio-in-continua-espansione\">La Via Del Cerchio in continua espansione<\/a><\/blockquote><iframe class=\"wp-embedded-content\" sandbox=\"allow-scripts\" security=\"restricted\" style=\"position: absolute; clip: rect(1px, 1px, 1px, 1px);\" title=\"&#8220;La Via Del Cerchio in continua espansione&#8221; &#8212; Terra Nuova\" src=\"https:\/\/www.terranuova.it\/news\/ecovillaggi-e-cohousing\/la-via-del-cerchio-in-continua-espansione\/embed#?secret=1rz1FN1lZh#?secret=x4nGHV5LMf\" data-secret=\"x4nGHV5LMf\" width=\"600\" height=\"338\" frameborder=\"0\" marginwidth=\"0\" marginheight=\"0\" scrolling=\"no\"><\/iframe>\n<\/div><\/figure>\n\n\n\n<figure class=\"wp-block-embed is-type-wp-embed is-provider-terra-nuova wp-block-embed-terra-nuova\"><div class=\"wp-block-embed__wrapper\">\n<blockquote class=\"wp-embedded-content\" data-secret=\"moVAOlowhl\"><a href=\"https:\/\/www.terranuova.it\/news\/ecovillaggi-e-cohousing\/la-via-del-cerchio-incontro-con-simon-jamnik-alla-gen-conference-2019\">La Via del Cerchio: incontro con Simon Jamnik alla Gen Conference 2019<\/a><\/blockquote><iframe class=\"wp-embedded-content\" sandbox=\"allow-scripts\" security=\"restricted\" style=\"position: absolute; clip: rect(1px, 1px, 1px, 1px);\" title=\"&#8220;La Via del Cerchio: incontro con Simon Jamnik alla Gen Conference 2019&#8221; &#8212; Terra Nuova\" src=\"https:\/\/www.terranuova.it\/news\/ecovillaggi-e-cohousing\/la-via-del-cerchio-incontro-con-simon-jamnik-alla-gen-conference-2019\/embed#?secret=v6e0ifgxB8#?secret=moVAOlowhl\" data-secret=\"moVAOlowhl\" width=\"600\" height=\"338\" frameborder=\"0\" marginwidth=\"0\" marginheight=\"0\" scrolling=\"no\"><\/iframe>\n<\/div><\/figure>\n","protected":false},"excerpt":{"rendered":"<p>Pflegefachmann, Reisebegleiter und indianische Seminare 18.11.2024 Simon Jamnik f\u00fchrt ein Winter- und Sommerleben: In den Wintermonaten arbeitet der gelernte Pflegefachmann im Wohnhaus Birkenhof der Vivazzo Stiftung in Wolfhausen \u2013 in den Sommermonaten bietet er als externer Reisebegleiter Ferien f\u00fcr Menschen mit Beeintr\u00e4chtigungen an. Daneben gibt er Seminare \u00fcber indianische Kultur, [&hellip;]<\/p>\n","protected":false},"author":2,"featured_media":0,"parent":0,"menu_order":0,"comment_status":"closed","ping_status":"closed","template":"","meta":{"_links_to":"","_links_to_target":""},"_links":{"self":[{"href":"https:\/\/www.insidetours.ch\/index.php?rest_route=\/wp\/v2\/pages\/1718"}],"collection":[{"href":"https:\/\/www.insidetours.ch\/index.php?rest_route=\/wp\/v2\/pages"}],"about":[{"href":"https:\/\/www.insidetours.ch\/index.php?rest_route=\/wp\/v2\/types\/page"}],"author":[{"embeddable":true,"href":"https:\/\/www.insidetours.ch\/index.php?rest_route=\/wp\/v2\/users\/2"}],"replies":[{"embeddable":true,"href":"https:\/\/www.insidetours.ch\/index.php?rest_route=%2Fwp%2Fv2%2Fcomments&post=1718"}],"version-history":[{"count":10,"href":"https:\/\/www.insidetours.ch\/index.php?rest_route=\/wp\/v2\/pages\/1718\/revisions"}],"predecessor-version":[{"id":1752,"href":"https:\/\/www.insidetours.ch\/index.php?rest_route=\/wp\/v2\/pages\/1718\/revisions\/1752"}],"wp:attachment":[{"href":"https:\/\/www.insidetours.ch\/index.php?rest_route=%2Fwp%2Fv2%2Fmedia&parent=1718"}],"curies":[{"name":"wp","href":"https:\/\/api.w.org\/{rel}","templated":true}]}}

<p><strong>Pflegefachmann, Reisebegleiter und indianische Seminare</strong></p>



<p>18.11.2024</p>



<figure class="wp-block-image size-large"><img loading="lazy" width="1020" height="772" src="https://www.insidetours.ch/wp-content/uploads/2024/12/Screenshot_20241202-152408.jpg" alt="" class="wp-image-1730" srcset="https://www.insidetours.ch/wp-content/uploads/2024/12/Screenshot_20241202-152408.jpg 1020w, https://www.insidetours.ch/wp-content/uploads/2024/12/Screenshot_20241202-152408-300x227.jpg 300w, https://www.insidetours.ch/wp-content/uploads/2024/12/Screenshot_20241202-152408-768x581.jpg 768w, https://www.insidetours.ch/wp-content/uploads/2024/12/Screenshot_20241202-152408-600x454.jpg 600w" sizes="(max-width: 1020px) 100vw, 1020px" /></figure>



<p><strong>Simon Jamnik führt ein Winter- und Sommerleben: In den Wintermonaten arbeitet der gelernte Pflegefachmann im Wohnhaus Birkenhof der Vivazzo Stiftung in Wolfhausen – in den Sommermonaten bietet er als externer Reisebegleiter Ferien für Menschen mit Beeinträchtigungen an. Daneben gibt er Seminare über indianische Kultur, die Reisen ins Innere und das Überleben in der Natur.&nbsp;</strong></p>



<p><br>Simon Jamnik überlegt, wie lange er schon für die Vivazzo arbeitet. «Sieben Jahre», sagt er zuerst. Dann korrigiert er sich: «Nein, seit 2016, also acht Jahre.» Eine lange Zeit jedenfalls, in der Simon schon für die Vivazzo Stiftung tätig ist. Zu Beginn war er als Springer angestellt und arbeitete in verschiedenen Wohnhäusern der Stiftung. Seine Aufgaben blieben über die Zeit hinweg ähnlich: Immer betreute er als Pflegefachmann Menschen, die in der Stiftung leben. Seit zwei Jahren arbeitet er vor allem im Nebengebäude des Wohnhauses Birkenhof in Wolfhausen. Hier leben dreizehn Menschen mit einer psychischen Beeinträchtigung, die betreuerische Unterstützung brauchen.&nbsp;</p>



<p>Das Besondere bei Simon – verglichen zu seinen Vivazzo Arbeitskolleginnen und -kollegen –ist, dass er sich nach einem halben Jahr jeweils von den Bewohnenden verabschiedet: In den Sommermonaten bietet er Ferienbegleitungen sowie Seminare an. Zwischen Dezember und April arbeitet er vier Tage die Woche in der Vivazzo Stiftung.&nbsp;</p>



<p>Für die Bewohnenden des Wohnhauses Birkenhof sind diese regelmässigen Abschiede auch eine vitalisierende Abwechslung, erzählt Simon. «Sie verstärken den Puls des Lebens. Beim ersten Mal war das noch anders. Da war mein Abschied bei den Bewohnenden mit Unsicherheit verbunden.» Doch in der Zwischenzeit wissen alle, dass Simon nach einem halben Jahr wiederkommt. Seine Abschiede sind Abschiede auf Zeit und immer verbunden mit einem kleinen Abschiedsfest.&nbsp;</p>



<p><strong>Ferienbegleitung – Organisator der guten Zeiten&nbsp;</strong></p>



<p>Für einzelne Bewohnerinnen und Bewohner der Vivazzo Stiftung bot Simon während seinen Sommerabwesenheiten bisher Ferienreisen an: Bewohnende buchten ihn als externen Reisebegleiter. Wohin es geht, bestimmen seine Auftraggebenden. Einmal wollte ein Bewohner zuerst nach Berlin in&nbsp;den Zoo und danach in Hamburg das Musical «König der Löwen» sehen. Simon machte es möglich. Seine Rolle versteht er als eine Mischung zwischen Pflegefachmann und kollegialem Reisebegleiter. «Mir persönlich ist es wichtig, dass ich trotz professioneller Beziehung den Kontakt zu meinen Mitreisenden respektvoll und mit viel Herz gestalten kann», sagt er.&nbsp;</p>



<figure class="wp-block-image size-large"><img loading="lazy" width="869" height="646" src="https://www.insidetours.ch/wp-content/uploads/2024/12/Screenshot_20241202-152428.jpg" alt="" class="wp-image-1731" srcset="https://www.insidetours.ch/wp-content/uploads/2024/12/Screenshot_20241202-152428.jpg 869w, https://www.insidetours.ch/wp-content/uploads/2024/12/Screenshot_20241202-152428-300x223.jpg 300w, https://www.insidetours.ch/wp-content/uploads/2024/12/Screenshot_20241202-152428-768x571.jpg 768w, https://www.insidetours.ch/wp-content/uploads/2024/12/Screenshot_20241202-152428-600x446.jpg 600w" sizes="(max-width: 869px) 100vw, 869px" /></figure>



<p><strong>Fotoalbum von Reisen mit&nbsp;</strong><strong>Klient:innen</strong><strong>&nbsp;der Vivazzo Stiftung</strong></p>



<p><br>Dieses Jahr wurde Simon das erste Mal offiziell von der Vivazzo Stiftung beauftragt, eine Reise durchzuführen: als Nachteilsausgleich für&nbsp;Klient:innen, die sich selbst keine Ferien organisieren oder sich nicht allein die nötige Unterstützung dafür holen können. Es ging zusammen mit einer kleinen Gruppe nach Lugano. Simon versucht jeweils, alles so zu organisieren, dass er möglichst vielen Bedürfnissen der Teilnehmenden nachkommen kann. «Schliesslich sind es ihre Ferien», lacht Simon. «Sie sollen eine gute Zeit haben!»&nbsp;</p>



<p><strong>Faszination indianische Kultur&nbsp;</strong></p>



<p>Wenn nicht gerade Reisebegleitungen anstehen, arbeitet Simon die meiste Zeit im Sommer mit «Circle Way» (nach&nbsp;Manitonquat), dem Leben im Kreis. Das sei eine Kultur, erklärt Simon, die von den nordamerikanischen Indianern der&nbsp;Wampanoag&nbsp;ausgehe: «Es geht um ein Miteinander und um Verbindung – eine Verbindung zwischen uns Menschen und mit der Natur, aber auch zu uns selbst.», erzählt Simon. Mit Mitte Dreissig sei er mit dieser Philosophie in Kontakt gekommen und habe seither viel gelernt, so dass er jetzt sein Wissen selbst an Vorträgen und Seminaren weitergibt.&nbsp;&nbsp;&nbsp;</p>



<p>Neben seinem Engagement mit «Circle Way» hat Simon zudem eine eigene Firma: Unter dem Namen «Insidetours» bietet er erlebnispädagogische Angebote an.&nbsp;</p>



<p>Nach den intensiven Sommermonaten macht Simon im November einen Monat Pause, bevor es dann im Dezember im Vivazzo Wohnhaus Birkenhof wieder heisst: «Hallo Simon! Schön bist du wieder zurück!»</p>



<p></p>



<p>Quelle: <em>Interview und Text: Daniel Fehr, Marketing &amp; Kommunikation Vivazzo Stiftung</em></p>



<figure class="wp-block-pullquote"><blockquote><p>Weitere Publikationen</p></blockquote></figure>



<figure class="wp-block-pullquote"><blockquote><p><blockquote class="wp-embedded-content" data-secret="sVYOGYarGD"><a href="https://circlewaynetwork.eu/story-and-ellika/">Story, Ellika and Simon</a></blockquote><iframe class="wp-embedded-content" sandbox="allow-scripts" security="restricted" style="position: absolute; clip: rect(1px, 1px, 1px, 1px);" title="&#8220;Story, Ellika and Simon&#8221; &#8212; Circle Way Network" src="https://circlewaynetwork.eu/story-and-ellika/embed/#?secret=fXxbNG0iJI#?secret=sVYOGYarGD" data-secret="sVYOGYarGD" width="600" height="338" frameborder="0" marginwidth="0" marginheight="0" scrolling="no"></iframe></p></blockquote></figure>



<ul><li>Tempo di vivere 2024</li></ul>



<p><a href="https://tempodivivere.it/25-summercampviadelcerchio24.html">https://tempodivivere.it/25-summercampviadelcerchio24.html</a></p>



<ul><li>Circleway Österreich 2024</li></ul>



<p><a href="http://www.circleway.at/?page_id=65">http://www.circleway.at/?page_id=65</a></p>



<p></p>



<ul><li>Eröffnung der Grillsaison 2020 Wohnheim Magellan</li></ul>



<p><a href="https://www.wg-magellan.ch/index.php/blog/er%C3%B6ffnungdergrillsaison.html">https://www.wg-magellan.ch/index.php/blog/er%C3%B6ffnungdergrillsaison.html</a></p>



<p></p>



<figure class="wp-block-embed is-type-wp-embed is-provider-terra-nuova wp-block-embed-terra-nuova"><div class="wp-block-embed__wrapper">
<blockquote class="wp-embedded-content" data-secret="x4nGHV5LMf"><a href="https://www.terranuova.it/news/ecovillaggi-e-cohousing/la-via-del-cerchio-in-continua-espansione">La Via Del Cerchio in continua espansione</a></blockquote><iframe class="wp-embedded-content" sandbox="allow-scripts" security="restricted" style="position: absolute; clip: rect(1px, 1px, 1px, 1px);" title="&#8220;La Via Del Cerchio in continua espansione&#8221; &#8212; Terra Nuova" src="https://www.terranuova.it/news/ecovillaggi-e-cohousing/la-via-del-cerchio-in-continua-espansione/embed#?secret=1rz1FN1lZh#?secret=x4nGHV5LMf" data-secret="x4nGHV5LMf" width="600" height="338" frameborder="0" marginwidth="0" marginheight="0" scrolling="no"></iframe>
</div></figure>



<figure class="wp-block-embed is-type-wp-embed is-provider-terra-nuova wp-block-embed-terra-nuova"><div class="wp-block-embed__wrapper">
<blockquote class="wp-embedded-content" data-secret="moVAOlowhl"><a href="https://www.terranuova.it/news/ecovillaggi-e-cohousing/la-via-del-cerchio-incontro-con-simon-jamnik-alla-gen-conference-2019">La Via del Cerchio: incontro con Simon Jamnik alla Gen Conference 2019</a></blockquote><iframe class="wp-embedded-content" sandbox="allow-scripts" security="restricted" style="position: absolute; clip: rect(1px, 1px, 1px, 1px);" title="&#8220;La Via del Cerchio: incontro con Simon Jamnik alla Gen Conference 2019&#8221; &#8212; Terra Nuova" src="https://www.terranuova.it/news/ecovillaggi-e-cohousing/la-via-del-cerchio-incontro-con-simon-jamnik-alla-gen-conference-2019/embed#?secret=v6e0ifgxB8#?secret=moVAOlowhl" data-secret="moVAOlowhl" width="600" height="338" frameborder="0" marginwidth="0" marginheight="0" scrolling="no"></iframe>
</div></figure>

<p>Pflegefachmann, Reisebegleiter und indianische Seminare 18.11.2024 Simon Jamnik führt ein Winter- und Sommerleben: In den Wintermonaten arbeitet der gelernte Pflegefachmann im Wohnhaus Birkenhof der Vivazzo Stiftung in Wolfhausen – in den Sommermonaten bietet er als externer Reisebegleiter Ferien für Menschen mit Beeinträchtigungen an. Daneben gibt er Seminare über indianische Kultur, [&hellip;]</p>
