{"id":19,"date":"2016-09-26T14:07:19","date_gmt":"2016-09-26T14:07:19","guid":{"rendered":"http:\/\/127.0.0.1\/wordpress\/?page_id=19"},"modified":"2016-09-26T14:07:19","modified_gmt":"2016-09-26T14:07:19","slug":"circleway-manitonquat-medicine-story","status":"publish","type":"page","link":"https:\/\/www.insidetours.ch\/?page_id=19","title":{"rendered":"Circleway- Der Weg des Kreises"},"content":{"rendered":"<p>Seit geraumer Zeit bewegt sich der Mensch in einer immer schnelllebigeren Kultur. Wir arbeiten, haben Familien und erholen uns in der Freizeit. Der Raum f\u00fcr Begegnung und Wachstum zwischen Menschen wird durch Pflichten des t\u00e4glichen Lebens reduziert.<\/p>\n<p>War das schon immer so?<\/p>\n<p>Der Weg des Kreises ist eine alte \u00fcber die Jahrtausende \u00fcbermittelte Form des Zusammenlebens. Diese wurde unter anderem von den Wampanoag, einem indianischen Stamm in Nordamerika, gelebt. Weltweit l\u00e4sst sich das Zusammenleben in Kreisen bei indigenen Kulturen beobachten. Leider ist ein Gro\u00dfteil des alten Wissens mit dem Verschwinden der alten V\u00f6lker verloren gegangen, so auch bei uns in Europa.<\/p>\n<p><iframe  id=\"_ytid_21378\"  width=\"750\" height=\"422\"  data-origwidth=\"750\" data-origheight=\"422\"  src=\"https:\/\/www.youtube.com\/embed\/NaSNNqZSLBc?enablejsapi=1&#038;autoplay=0&#038;cc_load_policy=0&#038;cc_lang_pref=&#038;iv_load_policy=1&#038;loop=0&#038;modestbranding=0&#038;rel=1&#038;fs=1&#038;playsinline=0&#038;autohide=2&#038;theme=dark&#038;color=red&#038;controls=1&#038;\" class=\"__youtube_prefs__  epyt-is-override  no-lazyload\" title=\"YouTube player\"  allow=\"autoplay; encrypted-media\" allowfullscreen data-no-lazy=\"1\" data-skipgform_ajax_framebjll=\"\"><\/iframe><\/p>\n<p><iframe  id=\"_ytid_43968\"  width=\"750\" height=\"422\"  data-origwidth=\"750\" data-origheight=\"422\"  src=\"https:\/\/www.youtube.com\/embed\/P3kHedK3y-Y?enablejsapi=1&#038;autoplay=0&#038;cc_load_policy=0&#038;cc_lang_pref=&#038;iv_load_policy=1&#038;loop=0&#038;modestbranding=0&#038;rel=1&#038;fs=1&#038;playsinline=0&#038;autohide=2&#038;theme=dark&#038;color=red&#038;controls=1&#038;\" class=\"__youtube_prefs__  epyt-is-override  no-lazyload\" title=\"YouTube player\"  allow=\"autoplay; encrypted-media\" allowfullscreen data-no-lazy=\"1\" data-skipgform_ajax_framebjll=\"\"><\/iframe><\/p>\n<p><iframe  id=\"_ytid_18782\"  width=\"750\" height=\"422\"  data-origwidth=\"750\" data-origheight=\"422\"  src=\"https:\/\/www.youtube.com\/embed\/F_Kx_3yoIlg?enablejsapi=1&#038;autoplay=0&#038;cc_load_policy=0&#038;cc_lang_pref=&#038;iv_load_policy=1&#038;loop=0&#038;modestbranding=0&#038;rel=1&#038;fs=1&#038;playsinline=0&#038;autohide=2&#038;theme=dark&#038;color=red&#038;controls=1&#038;\" class=\"__youtube_prefs__  epyt-is-override  no-lazyload\" title=\"YouTube player\"  allow=\"autoplay; encrypted-media\" allowfullscreen data-no-lazy=\"1\" data-skipgform_ajax_framebjll=\"\"><\/iframe><\/p>\n","protected":false},"excerpt":{"rendered":"<p>Seit geraumer Zeit bewegt sich der Mensch in einer immer schnelllebigeren Kultur. Wir arbeiten, haben Familien und erholen uns in der Freizeit. Der Raum f\u00fcr Begegnung und Wachstum zwischen Menschen wird durch Pflichten des t\u00e4glichen Lebens reduziert. War das schon immer so? Der Weg des Kreises ist eine alte \u00fcber [&hellip;]<\/p>\n","protected":false},"author":2,"featured_media":126,"parent":180,"menu_order":1,"comment_status":"closed","ping_status":"closed","template":"","meta":{"_links_to":"","_links_to_target":""},"_links":{"self":[{"href":"https:\/\/www.insidetours.ch\/index.php?rest_route=\/wp\/v2\/pages\/19"}],"collection":[{"href":"https:\/\/www.insidetours.ch\/index.php?rest_route=\/wp\/v2\/pages"}],"about":[{"href":"https:\/\/www.insidetours.ch\/index.php?rest_route=\/wp\/v2\/types\/page"}],"author":[{"embeddable":true,"href":"https:\/\/www.insidetours.ch\/index.php?rest_route=\/wp\/v2\/users\/2"}],"replies":[{"embeddable":true,"href":"https:\/\/www.insidetours.ch\/index.php?rest_route=%2Fwp%2Fv2%2Fcomments&post=19"}],"version-history":[{"count":0,"href":"https:\/\/www.insidetours.ch\/index.php?rest_route=\/wp\/v2\/pages\/19\/revisions"}],"up":[{"embeddable":true,"href":"https:\/\/www.insidetours.ch\/index.php?rest_route=\/wp\/v2\/pages\/180"}],"wp:featuredmedia":[{"embeddable":true,"href":"https:\/\/www.insidetours.ch\/index.php?rest_route=\/wp\/v2\/media\/126"}],"wp:attachment":[{"href":"https:\/\/www.insidetours.ch\/index.php?rest_route=%2Fwp%2Fv2%2Fmedia&parent=19"}],"curies":[{"name":"wp","href":"https:\/\/api.w.org\/{rel}","templated":true}]}}